 What are the prime factors of c?
13
Suppose r + 5*v - 1363 = 0, 0*v = -4*r + 3*v + 5521. List the prime factors of r.
2, 13, 53
Suppose -2*a + 21 = 4*g + 9, 0 = -3*a + 5*g - 26. Let z be (-3)/(a + 0 + 1). Suppose -z*t = -6*t + 192. What are the prime factors of t?
2
Let v = -9 - -14. Suppose 0 = v*b - 4*b + 1. What are the prime factors of ((-6)/(-6))/(b/(-2))?
2
Let r = 16 - 13. Let i be r + -1 - (-4 + -44). Let t = i - -8. What are the prime factors of t?
2, 29
Let o(g) = 5*g + 18. Let z be o(20). Let n = z - 28. List the prime factors of n.
2, 3, 5
Let d = -269 - -671. List the prime factors of d.
2, 3, 67
Suppose h = -4*r + 2*r + 14, 4*r = 2*h - 20. Let v be (-747)/(-9) - (0 - -3). What are the prime factors of (v/h)/(2/6)?
2, 5
Suppose 6*g - 4*p + 8 = 2*g, -g - 10 = -3*p. Let u be (-4)/((g - 1) + -2). Suppose 6 = u*d - 2. What are the prime factors of d?
2
Let z(k) be the first derivative of -k**4 + 4*k**3/3 - k**2/2 + k + 7. Let m be z(-3). Suppose 40*v = 36*v + m. List the prime factors of v.
37
Let r(d) = 15*d + 11. Let b(g) = 7*g + 6. Let t be ((-25)/(-30))/(1/6). Let h(z) = t*b(z) - 3*r(z). List the prime factors of h(-2).
17
Suppose 0 = -11*w + 38683 + 35138. List the prime factors of w.
3, 2237
List the prime factors of 43374/42 + 8 + (-2)/(-7).
3, 347
Let b be (-2)/(-8)*-2 - 5/(-10). Suppose b = -7*z + 225 + 566. What are the prime factors of z?
113
Let a(h) = -14*h - 6. Let m be a(-3). Let x = -15 - m. Let p = x + 100. What are the prime factors of p?
7
Suppose -1758 = -3*i + g, i = 3*g - 375 + 961. List the prime factors of i.
2, 293
Suppose 0 = z - 225 + 54. List the prime factors of z.
3, 19
Suppose 0 = -17*r + 36*r - 12597. What are the prime factors of r?
3, 13, 17
Let o = -15 + 8. Let l be (-23)/o - (-6)/(-21). Suppose 16 = 4*z - m, l*m - 5*m = 4*z - 16. List the prime factors of z.
2
Let o(u) = u**2 - 11*u + 9. Let y be o(11). Suppose -y*p = -5*p - 32. Let j = 18 - p. What are the prime factors of j?
2, 5
Let d(p) = 2*p**2 + p + 6. Let m = 5 + 1. Let t be d(m). Suppose -18 = 2*f - t. List the prime factors of f.
3, 11
Suppose 2*p + 1099 = 3*s - 113, -1206 = -3*s + 4*p. What are the prime factors of s?
2, 7, 29
Let z be 18/45 + (-1556)/(-10). Suppose h + 2*h = z. Let r = 74 - h. List the prime factors of r.
2, 11
Suppose 5*i = 5*g - 45, 4*g - 15 = 2*g - i. Let r(s) be the first derivative of -s**3/3 + 9*s**2/2 - 2*s + 3. What are the prime factors of r(g)?
2, 3
Let u = -134 - -233. Let f be u - (3/(-1) - -2). Suppose j = -4*j + f. What are the prime factors of j?
2, 5
Let q(y) = 2*y**3 - 6*y**2 - 11*y + 20. Let w be q(5). List the prime factors of 292*((-9)/(-10) + (-26)/w).
2, 73
Let g(d) = d**3 - 4*d**2 - 3*d + 2. Suppose -s + 15 = -0*s - 2*o, -33 = -4*s - o. Let x = 14 - s. What are the prime factors of g(x)?
2, 3
Suppose -2*u + 10661 = 2*u - p, 4*u - 10679 = -5*p. List the prime factors of u.
2, 31, 43
Suppose 0*t + o - 404 = -2*t, -5*o = 2*t - 420. What are the prime factors of t?
2, 5
Let y be (-7)/2 + (-4)/(-8). Let j be -2 - -2 - 9/y. Suppose -r = j*d - 102, -2*r + 3 = -r. What are the prime factors of d?
3, 11
Let d be 575 - 2/(-4)*2. Suppose 5*i - 624 = y + 798, -4*y = -2*i + d. Suppose 5*x + 4 = i. What are the prime factors of x?
2, 7
Let k(t) = 97*t - 82. List the prime factors of k(3).
11, 19
Suppose -20*p + 17178 = 22*p. What are the prime factors of p?
409
Suppose 0 = -49*b + 34*b + 21450. List the prime factors of b.
2, 5, 11, 13
Suppose -p + h - 4*h = 10, -2*p - 4*h = 16. What are the prime factors of 975/7 + p - 6/21?
3, 5
Let a(y) be the second derivative of 5*y**4/12 - y**3/2 - 5*y**2/2 - 12*y. What are the prime factors of a(4)?
3, 7
Let t(i) = -i - 4. Let b be t(7). Let h = b + 34. What are the prime factors of h?
23
Suppose -4128 - 13263 = -11*q. List the prime factors of q.
3, 17, 31
Let q(z) = -z**2 - 42*z - 140. List the prime factors of q(-26).
2, 3, 23
Let l = 314 - 186. Let o = l + -86. List the prime factors of o.
2, 3, 7
Let x be 2/1*6/2. Suppose -d = 2*d - x. Suppose -p - d*p = -30. List the prime factors of p.
2, 5
Suppose 5361 + 6464 = 11*d. Suppose -3*k - 2*t - 3*t + 685 = 0, d = 5*k - 5*t. What are the prime factors of k?
2, 5, 11
Let h(d) = -d**3 - 38*d**2 - 62*d - 359. List the prime factors of h(-40).
17, 313
Suppose 7*b + 858 = -234. Let x = -93 - b. What are the prime factors of x?
3, 7
Let f = 529 + -219. List the prime factors of f.
2, 5, 31
Let h = 207 + 717. What are the prime factors of h?
2, 3, 7, 11
Let k be 1*(-2)/((-4)/(-26)). Let s = -1 - k. What are the prime factors of s?
2, 3
Suppose -2*m = -4, 6*m - 124 = -4*b + 4*m. List the prime factors of b/(11/5 + -2).
2, 3, 5
Let s(h) = -h + 2 - 7*h**2 - h - 9 - h**3. Let b = -66 - -59. What are the prime factors of s(b)?
7
Suppose -4*m - 3*z + z + 2394 = 0, 5*m - 4*z = 2973. What are the prime factors of m?
3, 199
Let i be 6*(-2 + 10/4). Let f be (6 - (0 + i))/1. Suppose -s + f = -10. List the prime factors of s.
13
Let g(z) = 5*z - 18. List the prime factors of g(36).
2, 3
Let l = 10 - 11. Let s be (2/5*5)/l. List the prime factors of (-141)/(-12)*-2*s.
47
Let m(k) = -27*k + 55. Let o(d) = 26*d - 56. Let z(j) = -5*m(j) - 4*o(j). Let q(w) = 10*w - 17. Let l(s) = -7*q(s) + 2*z(s). List the prime factors of l(-5).
3, 19
Let p = -10 + 34. Suppose 0 = s - 221 - p. List the prime factors of s.
5, 7
What are the prime factors of (1 + 2)*1 + (-4312)/(-28)?
157
Suppose 110 = 3*o - 274. Let g = -345 - -262. Let n = o + g. List the prime factors of n.
3, 5
Suppose 0 = -5*m + 25 - 15. Suppose -k - m*h = -56 + 7, h + 151 = 4*k. What are the prime factors of k?
3, 13
Let v = 957 - 404. List the prime factors of v.
7, 79
Suppose -7*q = -9*q + 170. What are the prime factors of q?
5, 17
Suppose -9 = -c - 2*c. Suppose u = -c*a - 2, 6*a - 3*a - 4*u - 8 = 0. Suppose -5*i = -a*i - 90. List the prime factors of i.
2, 3
Let m be (-1 - -34)*2/(-6). List the prime factors of (m - -1)/((-3)/21).
2, 5, 7
Suppose -3*c - 67 = 4*h - 8, 0 = -h - 4*c - 18. Let k(f) = -22*f - 102. What are the prime factors of k(h)?
2, 103
Suppose 0 = -2*y + 4*g, -3*g + 8 = 2. Suppose -x - c + 22 = 4*x, y*x - 3*c - 29 = 0. Suppose -5*p + 65 = 5*m, x*p - 42 - 7 = -m. List the prime factors of p.
3
Let u(k) = 16*k**2 - 7*k + 11. Let o(z) = -z**2 + 6*z + 30. Let v be o(9). What are the prime factors of u(v)?
2, 67
Suppose -164 = -3*w + 7*w + 4*u, 15 = -5*u. Let m = -33 - -83. Let d = w + m. List the prime factors of d.
2, 3
Let h = 108 + -65. Let d = -14 + h. List the prime factors of d.
29
Let p be (-7)/(-2)*(-19 + 65). Suppose q = 8*q - p. List the prime factors of q.
23
Suppose -18766 = 37*y - 48*y. What are the prime factors of y?
2, 853
Let y = -6 - -4. Let f be (y/(-6))/(1/15). Let n = 8 - f. List the prime factors of n.
3
Let j be ((-42)/(-24))/((-1)/(-388)) - 3. Suppose -75*v + 79*v = j. What are the prime factors of v?
13
What are the prime factors of (-5217)/(-21) - 6/14?
2, 31
Let u = 3 - -79. Let v = -28 + u. List the prime factors of v.
2, 3
Let v = 14 + -9. Suppose -v*a + 25 = 0, -4*a - 25 + 5 = 2*d. List the prime factors of ((-8)/d)/((-4)/(-160)).
2
Let a be 3/27 - (-6944)/36. Let r = a + -115. List the prime factors of r.
2, 3, 13
Suppose 4*i = 5*s - 223, 0 = -3*s - 2*s - i + 213. What are the prime factors of -4 + (-2 + s)*1?
37
Let t = 2 - -3. Let b = 8 - t. Suppose 0 = -s + 11 + b. What are the prime factors of s?
2, 7
Let q(a) = -a - 17. Let o be q(-10). Let r(c) = -c**3 - 7*c**2 - c - 5. What are the prime factors of r(o)?
2
Let d(h) = 8*h + 2*h**2 - 3*h**2 + 0*h. Let x be -7*(6/(-7) + 0). List the prime factors of d(x).
2, 3
Let c(d) = d**2 + 3*d - 7. Let p = 21 - 17. Suppose 2*z - 4*a = -12, 0*z + 6 = -z - p*a. What are the prime factors of c(z)?
11
Let q = 12 + -119. Let b = -190 - q. Let l = 147 + b. List the prime factors of l.
2
Let y(n) = -3*n**2 + 2*n. Let i be y(2). What are the prime factors of -9*10*i/12?
2, 3, 5
Suppose 7*k - 17 = 11. What are the prime factors of k/(-18) + 8/18*383?
2, 5, 17
Let g = 832 + -145. List the prime factors of g.
3, 229
Suppose -w = 3*w - 8. Let m(y) = y**3 - 2*y - 1. Let x be m(w). Suppose -3*f + 4*f - 44 = 3*g, -x*g = -5*f + 184. List the prime factors of f.
5, 7
Suppose 12 + 8 = 5*v - p, -3*p + 15 = 0. Let h(